-217
Let z(s) = -342*s**2 + 13680*s - 12. What is z(40)?
-12
Let x(w) = w**2 - 103*w + 1008. What is x(92)?
-4
Let k(i) = -998*i + 6992. Calculate k(7).
6
Let c(m) = -10*m**3 + 82*m**2 - 20*m + 36. What is c(8)?
4
Let h(p) = -p**3 - 169*p**2 - 158*p + 1672. Determine h(-168).
-8
Let a(v) = -6*v**2 + 2*v + 5325. Give a(30).
-15
Let v(d) = -d**3 - 7*d**2 + 4*d - 57. Calculate v(-9).
69
Let h(w) = -w**2 + 103*w - 2580. Give h(45).
30
Let b(s) = 39*s**3 - 27*s**2 - 24*s + 2. Give b(-1).
-40
Let d(y) = -2*y**3 - 27*y**2 + 3*y + 33. Determine d(-13).
-175
Let s(k) = -k**2 + 12*k + 11839. Give s(115).
-6
Let x(i) = -3*i**2 + 38*i - 16. What is x(11)?
39
Let v(w) = -2*w**2 + 53*w + 602. Give v(35).
7
Let p(l) = 713*l + 3559. Calculate p(-5).
-6
Let l(d) = d**2 - 159*d + 6. Give l(0).
6
Let k(z) = -2*z**2 + 90*z - 119. Give k(44).
-31
Let z(f) = f**3 - 9*f**2 - 4*f + 214. What is z(9)?
178
Let w(t) = -t**3 - 30*t**2 - 64*t - 234. Calculate w(-28).
-10
Let v(h) = -h**3 - 9*h**2 + 7*h - 206. What is v(-11)?
-41
Let r(k) = -43*k - 1456. Calculate r(-34).
6
Let q(a) = -a**3 + a**2 - 4*a + 14. Calculate q(2).
2
Let s(q) = -14*q**3 - 41*q**2 + 12*q + 23. Calculate s(-3).
-4
Let a(o) = 21*o - 285. Calculate a(14).
9
Let o(v) = 144*v + 1458. What is o(-10)?
18
Let r(p) = p**2 + 223*p + 1510. Calculate r(-7).
-2
Let w(t) = 2*t**2 + 126*t - 139. Determine w(-67).
397
Let y(p) = -11*p**3 + 60*p**2 - 29*p - 7. Calculate y(5).
-27
Let f(a) = -213*a + 1271. Determine f(6).
-7
Let v(n) = -n**3 + 47*n**2 + 84*n + 135. Determine v(49).
-551
Let o(g) = -33*g**2 + 8*g + 43. Determine o(3).
-230
Let s(k) = -6*k**2 + 95*k + 391. What is s(-4)?
-85
Let g(r) = r**2 - 15*r + 98. What is g(0)?
98
Let d(w) = 32*w - 1679. Calculate d(53).
17
Let f(u) = 20*u - 818. What is f(47)?
122
Let x(a) = 2*a**3 - 120*a**2 - 118*a - 252. Determine x(61).
-8
Let b(z) = -z**2 + 29*z + 437. What is b(-14)?
-165
Let p(b) = 723*b + 1627. What is p(-4)?
-1265
Let y(w) = 8*w**2 - 11. Calculate y(-3).
61
Let a(m) = 2224*m - 8888. Determine a(4).
8
Let v(x) = -x**2 - 40*x + 519. What is v(10)?
19
Let v(u) = -u**2 + 17*u + 381. Determine v(30).
-9
Let c(u) = -u**2 - 13*u + 13. Give c(9).
-185
Let c(l) = 2*l**2 + 9*l - 354. Give c(12).
42
Let y(m) = 868*m - 5235. What is y(6)?
-27
Let n(h) = h**3 + 17*h**2 + 14*h - 48. Determine n(-15).
192
Let t(f) = 546*f - 1643. What is t(3)?
-5
Let l(p) = 3*p**2 + 130*p - 848. Give l(-48).
-176
Let c(f) = -f**3 + 6*f**2 - 15*f + 92. What is c(6)?
2
Let n(j) = -5656*j + 33928. Give n(6).
-8
Let g(w) = -92*w - 21168. Give g(-230).
-8
Let p(d) = -1161*d - 13836. What is p(-12)?
96
Let o(t) = -t**2 + 4*t + 110. Give o(-18).
-286
Let k(m) = -m**3 - 22*m**2 - 102*m + 11. Give k(-7).
-10
Let t(i) = -1503*i. Determine t(0).
0
Let k(d) = -13*d - 7. What is k(10)?
-137
Let u(o) = -1524*o + 70121. Calculate u(46).
17
Let z(g) = 14*g**2 + 12*g - 46. Calculate z(3).
116
Let a(g) = -18*g**3 + 146*g**2 - 141*g + 23. What is a(7)?
16
Let x(q) = q**2 - 5954*q + 17855. Calculate x(3).
2
Let i(q) = q**2 - 249*q - 94. Determine i(0).
-94
Let q(s) = s**2 + 29*s - 270. Determine q(12).
222
Let u(i) = -39*i - 1218. Give u(-31).
-9
Let f(s) = -19*s + 562. Give f(18).
220
Let v(q) = 8*q**2 + 196*q - 1036. Give v(-29).
8
Let l(h) = h**2 + 16*h - 74. What is l(4)?
6
Let v(f) = -2*f**3 - 165*f**2 + 89*f + 810. Give v(-83).
312
Let o(q) = q**3 - 123*q**2 - 4586*q + 102. Determine o(-30).
-18
Let i(z) = 31*z**2 - 29*z - 241. Give i(-6).
1049
Let w(t) = -9*t + 106. Calculate w(21).
-83
Let q(k) = -k**3 - 6*k**2 + 9*k + 48. What is q(-4)?
-20
Let y(o) = 2*o**2 + 25*o - 24. What is y(-12)?
-36
Let f(r) = -6*r**2 + 99*r + 396. Calculate f(-4).
-96
Let t(b) = 14*b**2 - 270*b - 502. Determine t(21).
2
Let y(t) = -7*t**2 + 40*t + 51. Give y(7).
-12
Let v(t) = -202*t - 115. Determine v(-6).
1097
Let g(s) = -s**3 + 6*s**2 - 4*s + 77. What is g(7)?
0
Let x(h) = -6*h**2 - 792*h - 6632. What is x(-9)?
10
Let u(y) = -y**3 + 23*y**2 - 57*y + 280. What is u(21)?
-35
Let l(k) = -234*k - 5114. What is l(-22)?
34
Let h(w) = -9*w**2 + 18*w + 48. What is h(-5)?
-267
Let p(o) = -o**3 - 45*o**2 - 49*o - 146. Calculate p(-44).
74
Let t(j) = 4639*j - 32474. Determine t(7).
-1
Let j(w) = -w**2 - 1197*w + 7182. Calculate j(6).
-36
Let n(v) = 24*v + 402. What is n(-17)?
-6
Let g(c) = -15*c**3 - 4*c**2 - 9*c - 5. Calculate g(-1).
15
Let j(d) = -5*d**2 + 526*d - 1571. Determine j(3).
-38
Let y(t) = -8283*t + 8354. Give y(1).
71
Let k(m) = 41*m + 113. Calculate k(-6).
-133
Let x(b) = b**2 - 31*b - 1725. What is x(-29)?
15
Let u(o) = -3*o**3 + 20*o**2 + 28*o + 1. What is u(8)?
-31
Let s(v) = -16*v - 676. Calculate s(-44).
28
Let t(r) = -82*r - 6148. Determine t(-75).
2
Let w(g) = g**3 + 21*g**2 - 13*g + 91. Determine w(-22).
-107
Let h(f) = -2*f**3 - 3*f**2 - 3*f - 4. Calculate h(-3).
32
Let b(t) = -3*t**2 + 81*t - 38. Determine b(23).
238
Let r(o) = -13*o**3 + 5*o**2 + 36*o - 105. Calculate r(3).
-303
Let c(k) = -3*k**2 - 24*k + 70. Determine c(-10).
10
Let y(n) = n**3 + 5*n**2 - 33*n - 15. Give y(-10).
-185
Let t(n) = n**2 + 30*n - 342. Calculate t(9).
9
Let l(c) = c**3 - 32*c**2 + 32*c - 40. Determine l(31).
-9
Let o(g) = -16*g**3 - 3*g**2 - g. Give o(-1).
14
Let s(f) = -f**3 + 76*f**2 + 233*f + 297. What is s(79)?
-19
Let r(m) = -118*m + 478. Determine r(4).
6
Let c(f) = -f**3 - 33*f**2 + 280*f + 7. Give c(-40).
7
Let t(d) = 653*d - 14470. Determine t(22).
-104
Let y(q) = -q**3 - 4*q**2 + 48*q + 19. What is y(-9)?
-8
Let d(q) = -154*q + 6612. Determine d(43).
-10
Let w(v) = 31*v**3 - 5*v**2 - 2*v. Determine w(2).
224
Let b(x) = 109*x - 2396. Calculate b(22).
2
Let h(i) = -20*i + 247. Determine h(12).
7
Let n(j) = -12*j - 92. What is n(13)?
-248
Let q(d) = 34*d - 111. Give q(6).
93
Let p(s) = -6*s**2 + 20*s + 4. Determine p(4).
-12
Let g(k) = -3*k**2 - 19*k - 58. Calculate g(-4).
-30
Let y(m) = -4*m**3 + 239*m**2 + 2244*m + 3. Calculate y(68).
3
Let n(g) = -14*g + 977. Determine n(68).
25
Let r(c) = 120*c**2 - 233*c - 7. What is r(2)?
7
Let k(t) = 133*t + 977. Determine k(-8).
-87
Let l(r) = -r**2 - 64*r - 920. Give l(-21).
-17
Let l(m) = m**3 + 9*m**2 + 23*m + 12. Give l(-2).
-6
Let r(i) = 2735*i - 150431. What is r(55)?
-6
Let y(r) = -75*r - 14631. Determine y(-195).
-6
Let g(c) = 25*c**2 - 1070*c - 215. What is g(43)?
0
Let v(h) = 2*h**2 - 47*h - 99. Give v(-2).
3
Let n(m) = m**3 - 8*m**2 - 12*m + 158. Determine n(-4).
14
Let m(o) = -3*o**3 - 84*o**2 + 2*o + 77. Calculate m(-28).
21
Let f(v) = 190*v**2 + 10*v + 2. Determine f(1).
202
Let t(u) = -2*u**2 + 827*u - 25102. What is t(33)?
11
Let d(v) = -v**3 - 2*v**2 + 606*v + 1803. Determine d(-3).
-6
Let g(o) = -3589*o + 14376. What is g(4)?
20
Let j(w) = -195*w - 3118. Determine j(-16).
2
Let d(n) = 9*n**3 + 2*n + 2. What is d(-1)?
-9
Let b(d) = -d**3 - 7*d**2 - 6*d + 20. Calculate b(5).
-310
Let h(b) = -330*b + 8878. Calculate h(27).
-32
Let l(v) = -9*v**2 - 705*v + 466. Determine l(-79).
-8
Let i(b) = 7*b - 223. What is i(28)?
-27
Let g(v) = 26*v - 1105. Give g(36).
-169
Let j(w) = w**2 + 38*w + 62. What is j(-35)?
-43
Let u(x) = 29*x + 312. Calculate u(-13).
-65
Let v(l) = 40*l - 3232. What is v(81)?
8
Let j(s) = 16*s**2 + 7*s + 17. Give j(0).
17
Let c(l) = -11*l + 107. Determine c(20).
-113
Let k(j) = j**2 + 26*j + 186. Calculate k(-11).
21
Let k(m) = m**3 + 19*m**2 + 9*m - 184. Calculate k(-18).
-22
Let k(l) = -765*l - 12989. What is k(-17)?
16
Let j(y) = -y**2 - 65*y - 185. Give j(-3).
1
Let c(h) = h**3 - 166*h**2 - 3930*h + 565. Calculate c(187).
4
Let x(m) = -m**2 - 32*m + 251. Calculate x(7).
-22
Let a(r) = -268*r - 45813. Determine a(-171).
15
Let x(f) = -2*f**2 - 557*f - 553. Determine x(-1).
2
Let u(t) = -622*t - 3662. Give u(-6).
70
Let x(u) = -509*u - 2034. Determine x(-4).
2
Let h(l) = -10*l**3 + 1261*l**2 - 128*l + 258. Give h(126).
6
Let o(l) = -195*l - 203. Calculate o(-1).
-8
Let u(s) = -2*s**2 - 65*s + 44. Give u(-33).
11
Let r(k) = -128*k - 13317. Determine r(-104).
-5
Let i(o) = 4*o**2 - o - 46. Calculate i(6).
92
Let d(g) = 49*g + 434. What is d(-6)?
140
Let q(o) = -52*o - 4435. What is q(-85)?
-15
Let r(y) = 165*y + 1306. Determine r(-8).
-14
Let v(l) = 8*l - 158. Determine v(18).
-14
Let t(j) = 3*j**2 - 40*j + 49. What is t(12)?
1
Let d(f) 